{"id":66,"date":"2022-10-04T05:56:40","date_gmt":"2022-10-04T05:56:40","guid":{"rendered":"https:\/\/eorganiceu.com\/?page_id=66"},"modified":"2025-02-24T14:23:17","modified_gmt":"2025-02-24T14:23:17","slug":"hakkinda","status":"publish","type":"page","link":"https:\/\/eorganiceu.com\/?page_id=66","title":{"rendered":"Proje Hakk\u0131nda"},"content":{"rendered":"<p style=\"text-align: justify;\"><strong>Projenin Ad\u0131:<\/strong> e-Organik<br \/>\n<strong>Proje S\u00f6zle\u015fme Numaras\u0131:<\/strong> 2020-1-TR01-KA202-093064<br \/>\n<strong>Proje S\u00fcresi:<\/strong> 31.12.2020 \u2013 30.12.2022<\/p>\n<p style=\"text-align: justify;\"><strong>Proje Ortaklar\u0131<\/strong><br \/>\nT\u00fcrkiye\u2019den Bahri Da\u011fda\u015f Uluslararas\u0131 Tar\u0131msal Ara\u015ft\u0131rma Enstit\u00fcs\u00fc M\u00fcd\u00fcrl\u00fc\u011f\u00fc (BDUTAEM, Koordinat\u00f6r), Konya \u0130l Milli E\u011fitim M\u00fcd\u00fcrl\u00fc\u011f\u00fc (K\u0130MEM, Ortak) ve Konya \u0130l Tar\u0131m ve Orman M\u00fcd\u00fcrl\u00fc\u011f\u00fc (KONTOM, Ortak) \u0130ngiltere\u2019den National Sheep Association (NSA, Ortak) \u0130spanya\u2019dan Actyva Sociedad Cooperativa (ACTYVA, Ortak) ve \u0130talya\u2019dan Humus, rete agricola sociale per la bioagricultura italiana (HUMUS, Ortak).<\/p>\n<p style=\"text-align: justify;\"><strong>Ulus \u00d6tesi Proje Toplant\u0131lar\u0131<\/strong><br \/>\nProjenin amac\u0131na ula\u015fmas\u0131 ve somut fikri \u00e7\u0131kt\u0131lar\u0131n olu\u015fturulmas\u0131 i\u00e7in, T\u00fcrkiye (BDUTAEM, Mart 2021\u2019de 5 g\u00fcn ve Ekim 2022\u2019de 3 g\u00fcn), \u0130talya (HUMUS, Eyl\u00fcl 2021\u2019de 5 g\u00fcn), \u0130spanya (ACTYVA, Mart 2022\u2019de 5 g\u00fcn) ve \u0130ngiltere\u2019de (NSA, Haziran 2022\u2019de 5 g\u00fcn) ulus \u00f6tesi proje toplant\u0131lar\u0131 yap\u0131lacakt\u0131r.<\/p>\n<p style=\"text-align: justify;\"><strong>Learning\/Teaching\/Training<\/strong><br \/>\n\u0130ngiltere\u2019de NSA\u2019n\u0131n ev sahipli\u011finde Temmuz 2022\u2019de 5 g\u00fcn Learning\/Teaching\/Training (LTT) aktivitesi d\u00fczenlenecektir. Bu etkinlik kapsam\u0131nda, proje kat\u0131l\u0131mc\u0131lar\u0131 baz\u0131 organik hayvanc\u0131l\u0131k konular\u0131 (hastal\u0131klar ve alternatif tedavi y\u00f6ntemleri, baz\u0131 bitkilerin t\u0131bbi \u00f6zellikleri, beslenme, mevzuat, kurallar ve d\u00fczenlemeler, \u00fcr\u00fcn i\u015fleme, depolama ve pazarlama vb.) \u00fczerine \u00e7al\u0131\u015fmalar yapacak ve organik \u00e7iftlik (s\u0131\u011f\u0131r, koyun, ke\u00e7i ve kanatl\u0131) ziyaretleri ger\u00e7ekle\u015ftireceklerdir.<\/p>\n<p style=\"text-align: justify;\"><strong>\u00c7o\u011falt\u0131c\u0131 Etkinlikler<\/strong><br \/>\nHedef kitlenin, nihai yararlan\u0131c\u0131lar\u0131n ve payda\u015flar\u0131n katl\u0131m\u0131 ile T\u00fcrkiye (BDUTAEM), \u0130ngiltere (NSA), \u0130talya (HUMUS) ve \u0130spanya\u2019da (ACTYVA) projenin tan\u0131t\u0131m\u0131, yayg\u0131nla\u015ft\u0131r\u0131lmas\u0131 ve s\u00fcrd\u00fcr\u00fclebilirli\u011fi ad\u0131na Eyl\u00fcl-Aral\u0131k 2022 tarihleri aras\u0131nda 1 g\u00fcnl\u00fck \u00e7o\u011falt\u0131c\u0131 etkinlik faaliyetleri ger\u00e7ekle\u015ftirilecektir.<\/p>\n<p style=\"text-align: justify;\"><strong>Proje \u00c7al\u0131\u015fmalar\u0131 Takvimi<\/strong><br \/>\nProjenin ilk 3 ay\u0131n\u0131 haz\u0131rl\u0131k, takip eden 12 ay\u0131n\u0131 akademik \u00e7al\u0131\u015fmalar ve somut fikri \u00e7\u0131kt\u0131lar\u0131n tamamlanmas\u0131, kalan 9 ay\u0131n\u0131 ise aksakl\u0131klar\u0131n giderilmesi ve somut fikri \u00e7\u0131kt\u0131lar\u0131n uygulanmas\u0131 olu\u015fturacakt\u0131r.<\/p>\n<p style=\"text-align: justify;\"><strong>Projenin Somut Fikri \u00c7\u0131kt\u0131lar\u0131<\/strong><br \/>\nProjenin somut fikri \u00e7\u0131kt\u0131lar\u0131n\u0131; e-Platform, e-Dersler ve e-Kitap olu\u015fturacakt\u0131r. e-Dersde, organik hayvanc\u0131l\u0131k \u00fczerine: 1) Tarih\u00e7e, 2) Mevzuat, Sertifikasyon ve Politikalar, 3) Ekoloji, 4) Etoloji, 5)Yeti\u015ftirme, 6) Hayvan Refah\u0131 ve Sa\u011fl\u0131\u011f\u0131, 7) \u00dcreme, 8) Beslenme, 9) \u00c7iftlik Y\u00f6netimi ve 10) G\u0131da G\u00fcvenli\u011fi ana e\u011fitim konular\u0131 yer alacakt\u0131r. e-Dersler, e-Kitap haline getirilecek ve e-Ders gibi e-Platforma y\u00fcklenecektir.<br \/>\nWeb tabanl\u0131 ve mobil uyumlu e-Platform T\u00fcrk\u00e7e-\u0130ngilizce dillerinde haz\u0131rlanacak ve 10 y\u0131l boyunca hedef kitlenin kullan\u0131m\u0131na \u00fccretsiz a\u00e7\u0131k tutulacakt\u0131r. Ayr\u0131ca, e-Platforma baz\u0131 Avrupa dillerine (\u0130talyanca, \u0130spanyolca gibi) \u00e7evrilebilmesi i\u00e7in dil se\u00e7ene\u011fi eklenecektir. B\u00f6ylece, T\u00fcrk\u00e7e-\u0130ngilizce d\u0131\u015f\u0131nda farkl\u0131 dilleri konu\u015fan hedef kitlenin de e-Platformdan yararlanmas\u0131 sa\u011flanacakt\u0131r.<br \/>\nNot: \u00c7al\u0131\u015fma sonunda elde edilen somut fikri \u00e7\u0131kt\u0131lar\u0131n (e-Ders, e-Platform ve e-Kitap) t\u00fcm haklar\u0131 projenin mali destek\u00e7isine ait olacakt\u0131r.<\/p>\n<p style=\"text-align: justify;\"><strong>Projenin Hedef Kitlesi<\/strong><br \/>\nProjenin ulusal, uluslararas\u0131 ve AB d\u00fczeyinde hedef kitlesini; Veteriner Hekimler, Ziraat M\u00fchendisleri ve Tar\u0131m Meslek Lisesi \u00d6\u011fretmenleri olu\u015fturacakt\u0131r.<\/p>\n<p style=\"text-align: justify;\"><strong>Bu Projeyi Neden Yapt\u0131k?<\/strong><br \/>\n<strong>\uf0fc<\/strong> IFOAM 2015 y\u0131l\u0131 Organik Eylem Plan\u0131 Raporu: 2020 ve sonras\u0131 organik hayvan yeti\u015ftiricili\u011finde ulusal ve uluslararas\u0131 bilgi payla\u015f\u0131m\u0131n\u0131n art\u0131r\u0131lmas\u0131 i\u00e7in e-platformlar\u0131n olu\u015fturulmas\u0131n\u0131, \u0130ngiltere\u2019nin organik bilgi birikimini uluslararas\u0131 payla\u015f\u0131ma a\u00e7mas\u0131n\u0131 ve \u0130spanya\u2019n\u0131n uluslararas\u0131 i\u015fbirliklerini art\u0131rmas\u0131n\u0131 istemektedir.<br \/>\n<strong>\uf0fc<\/strong> IFOAM Organic 3.0: \u0130yi uygulamalar\u0131n benimsetilmesi ve daha fazla \u00e7ift\u00e7inin organik \u00fcretime dahil olmas\u0131 i\u00e7in farkl\u0131-de\u011fi\u015fik-yeni fikirler (inovasyon) geli\u015ftirilmesini ve uygulanmas\u0131n\u0131 stratejik hedeflerden biri olarak belirlemi\u015ftir.<br \/>\n<strong>\uf0fc<\/strong> AB 7. \u00c7er\u00e7eve Program\u0131 Sonu\u00e7 Raporu: Organik market say\u0131s\u0131n\u0131n art\u0131\u015f\u0131 kar\u015f\u0131s\u0131nda organik \u00fcretimin yetersiz kald\u0131\u011f\u0131n\u0131, daha fazla \u00fcreticinin organik \u00fcretim yapmas\u0131 gerekti\u011fini, bundan \u00f6nce teknik personellerin e\u011fitiminin sa\u011flanmas\u0131n\u0131 ve ard\u0131ndan \u00fcreticilerin organik \u00fcretime y\u00f6nlendirilmesinin uygun olaca\u011f\u0131n\u0131 ifade etmektedir. Ayr\u0131ca, organik hayvanc\u0131l\u0131kta elde edilen bilgilerin bir araya toplan\u0131p, kullan\u0131labilir hale getirilmesinin \u00f6nemine vurgu yapmaktad\u0131r.<br \/>\n<strong>\uf0fc<\/strong> T\u00fcrkiye Organik Tar\u0131m Ulusal Eylem Plan\u0131: Organik tar\u0131m\u0131n geli\u015ftirilmesi ve yayg\u0131nla\u015ft\u0131r\u0131lmas\u0131 i\u00e7in en \u00f6nemli akt\u00f6rlerden biri olan hedef kitlenin e\u011fitilmesi gerekti\u011fini belirtmektedir.<\/p>\n<p><strong>\uf0fc<\/strong> Bu \u00e7a\u011fr\u0131lara istinaden, b\u00f6yle bir projenin yap\u0131lmas\u0131 gerekli g\u00f6r\u00fclm\u00fc\u015ft\u00fcr.<\/p>\n<p style=\"text-align: justify;\"><strong>Projenin Amac\u0131 ve Hedefleri<\/strong><br \/>\nProje s\u00fcresince ve sonraki 10 y\u0131ll\u0131k d\u00f6nemde; hedef kitlenin e\u011fitilmesi, projenin kamusal sahiplenilmesi, projenin yayg\u0131nla\u015ft\u0131r\u0131lmas\u0131, mesleki, bilimsel ve kurumsal kapasitenin art\u0131r\u0131lmas\u0131, proje orta\u011f\u0131 \u00fclkelerin tan\u0131t\u0131m\u0131 ve k\u00fclt\u00fcrel al\u0131\u015fveri\u015fe katk\u0131 sa\u011flanmas\u0131, yeni projelerin \u00fcretilmesi, organik hayvanc\u0131l\u0131k, hayvan refah\u0131 ve sa\u011fl\u0131\u011f\u0131, \u00e7evre ve g\u0131da g\u00fcvenli\u011fi gibi konularda toplumsal bilincin olu\u015fturulmas\u0131, \u00fcreticilerin e\u011fitilmesi ve organik hayvansal \u00fcretimin art\u0131r\u0131lmas\u0131 ama\u00e7lanmakta ve hedeflenmektedir<\/p>\n","protected":false},"excerpt":{"rendered":"<p>Projenin Ad\u0131: e-Organik Proje S\u00f6zle\u015fme Numaras\u0131: 2020-1-TR01-KA202-093064 Proje S\u00fcresi: 31.12.2020 \u2013 30.12.2022 Proje Ortaklar\u0131 T\u00fcrkiye\u2019den Bahri Da\u011fda\u015f Uluslararas\u0131 Tar\u0131msal Ara\u015ft\u0131rma Enstit\u00fcs\u00fc M\u00fcd\u00fcrl\u00fc\u011f\u00fc (BDUTAEM, Koordinat\u00f6r), Konya \u0130l Milli E\u011fitim M\u00fcd\u00fcrl\u00fc\u011f\u00fc (K\u0130MEM, Ortak) ve Konya \u0130l Tar\u0131m ve Orman M\u00fcd\u00fcrl\u00fc\u011f\u00fc (KONTOM, Ortak) \u0130ngiltere\u2019den National Sheep Association (NSA, Ortak) \u0130spanya\u2019dan Actyva Sociedad Cooperativa (ACTYVA, Ortak) ve \u0130talya\u2019dan Humus, [&hellip;]<\/p>\n","protected":false},"author":1,"featured_media":0,"parent":0,"menu_order":0,"comment_status":"closed","ping_status":"closed","template":"","meta":{"site-sidebar-layout":"default","site-content-layout":"default","ast-site-content-layout":"default","site-content-style":"default","site-sidebar-style":"default","ast-global-header-display":"","ast-banner-title-visibility":"","ast-main-header-display":"","ast-hfb-above-header-display":"","ast-hfb-below-header-display":"","ast-hfb-mobile-header-display":"","site-post-title":"","ast-breadcrumbs-content":"","ast-featured-img":"","footer-sml-layout":"","theme-transparent-header-meta":"default","adv-header-id-meta":"","stick-header-meta":"","header-above-stick-meta":"","header-main-stick-meta":"","header-below-stick-meta":"","astra-migrate-meta-layouts":"set","ast-page-background-enabled":"default","ast-page-background-meta":{"desktop":{"background-color":"var(--ast-global-color-4)","background-image":"","background-repeat":"repeat","background-position":"center center","background-size":"auto","background-attachment":"scroll","background-type":"","background-media":"","overlay-type":"","overlay-color":"","overlay-opacity":"","overlay-gradient":""},"tablet":{"background-color":"","background-image":"","background-repeat":"repeat","background-position":"center center","background-size":"auto","background-attachment":"scroll","background-type":"","background-media":"","overlay-type":"","overlay-color":"","overlay-opacity":"","overlay-gradient":""},"mobile":{"background-color":"","background-image":"","background-repeat":"repeat","background-position":"center center","background-size":"auto","background-attachment":"scroll","background-type":"","background-media":"","overlay-type":"","overlay-color":"","overlay-opacity":"","overlay-gradient":""}},"ast-content-background-meta":{"desktop":{"background-color":"var(--ast-global-color-5)","background-image":"","background-repeat":"repeat","background-position":"center center","background-size":"auto","background-attachment":"scroll","background-type":"","background-media":"","overlay-type":"","overlay-color":"","overlay-opacity":"","overlay-gradient":""},"tablet":{"background-color":"var(--ast-global-color-5)","background-image":"","background-repeat":"repeat","background-position":"center center","background-size":"auto","background-attachment":"scroll","background-type":"","background-media":"","overlay-type":"","overlay-color":"","overlay-opacity":"","overlay-gradient":""},"mobile":{"background-color":"var(--ast-global-color-5)","background-image":"","background-repeat":"repeat","background-position":"center center","background-size":"auto","background-attachment":"scroll","background-type":"","background-media":"","overlay-type":"","overlay-color":"","overlay-opacity":"","overlay-gradient":""}},"footnotes":""},"class_list":["post-66","page","type-page","status-publish","hentry"],"_links":{"self":[{"href":"https:\/\/eorganiceu.com\/index.php?rest_route=\/wp\/v2\/pages\/66","targetHints":{"allow":["GET"]}}],"collection":[{"href":"https:\/\/eorganiceu.com\/index.php?rest_route=\/wp\/v2\/pages"}],"about":[{"href":"https:\/\/eorganiceu.com\/index.php?rest_route=\/wp\/v2\/types\/page"}],"author":[{"embeddable":true,"href":"https:\/\/eorganiceu.com\/index.php?rest_route=\/wp\/v2\/users\/1"}],"replies":[{"embeddable":true,"href":"https:\/\/eorganiceu.com\/index.php?rest_route=%2Fwp%2Fv2%2Fcomments&post=66"}],"version-history":[{"count":2,"href":"https:\/\/eorganiceu.com\/index.php?rest_route=\/wp\/v2\/pages\/66\/revisions"}],"predecessor-version":[{"id":1330,"href":"https:\/\/eorganiceu.com\/index.php?rest_route=\/wp\/v2\/pages\/66\/revisions\/1330"}],"wp:attachment":[{"href":"https:\/\/eorganiceu.com\/index.php?rest_route=%2Fwp%2Fv2%2Fmedia&parent=66"}],"curies":[{"name":"wp","href":"https:\/\/api.w.org\/{rel}","templated":true}]}}